 p = s + 26. Calculate the highest common divisor of p and 80.
16
Suppose -v + 110 = 5*y - 172, 5*y + 4*v - 288 = 0. Let r be (2 - 0)/((-2)/(-84)). What is the highest common divisor of y and r?
28
Let s be -18*(4 - (-13)/(-3)). Calculate the highest common factor of s and 24.
6
Let z be 1*1*(-64)/(-4). Let t(m) = -200*m. Let r be t(-1). Suppose -r = -4*o - o. Calculate the highest common factor of z and o.
8
Let z be 686/35*(-20)/(-8). Calculate the highest common divisor of z and 245.
49
Let p = -13 + 22. What is the highest common divisor of 99 and p?
9
Suppose -5*j + 317 = -3*c - 0*c, -5*c + 69 = j. Let n = -4 + 20. What is the greatest common factor of j and n?
16
Suppose 3 = -t, 0 = -2*g - 0*t - 4*t - 4. Suppose -y = g*y - 120. Let d be 1/2*0 + 4. What is the highest common divisor of y and d?
4
Let w(p) = -p**3 - 15*p**2 + 17*p + 18. Let b be w(-16). Calculate the highest common factor of b and 2.
2
Let p(n) = -n**2 + n + 1. Let t be p(2). Let k(q) = -6*q - q - 4*q - 2 + 3. Let a be k(t). What is the highest common divisor of 4 and a?
4
Let k be ((-10)/8)/(3/(-12)). Let r(a) = 3*a**3 - a**2 - 3*a + 1. Let x be 16/7 - 4/14. Let g be r(x). Calculate the highest common divisor of g and k.
5
Let r = -11 + 27. Let m(j) = j**2 - 3*j - 2. Let w be m(-2). What is the highest common divisor of r and w?
8
Let d(r) = -6*r + 9. Let t be d(-6). Calculate the highest common divisor of t and 15.
15
Let j be (252 + 0)*((-56)/(-12) + -4). Calculate the highest common divisor of 21 and j.
21
Let u = 0 - -2. Let g(k) = k**2 - 1. Let d be g(-1). Suppose -1 = -t - d*t. Calculate the greatest common divisor of u and t.
1
Let a be (2*13)/(16/24). Calculate the greatest common factor of 13 and a.
13
Let r = -32 + 67. What is the greatest common factor of 7 and r?
7
Suppose -4*t = -0*t - 216. Calculate the greatest common divisor of 6 and t.
6
Suppose 2*s + 5*z - 67 = -18, -23 = -4*s + 5*z. Calculate the highest common divisor of s and 4.
4
Let u be (-8)/36 + 944/36. Calculate the greatest common divisor of 13 and u.
13
Suppose 2*x - 238 = 22. What is the greatest common factor of 26 and x?
26
Suppose 3*m - 89 = 2*y - 24, 0 = 4*m + 2*y - 110. What is the highest common divisor of 5 and m?
5
Let s be 3*12/9 + 117. Let d be 2/(-3) + (-105)/(-9). What is the greatest common factor of s and d?
11
Suppose -2*p + 30 - 3 = v, -2*v = 3*p - 54. Calculate the highest common factor of v and 3.
3
Let w(z) = z + 1. Let k be w(1). Suppose k*c - 3*p - 67 = 0, 2*c - 163 = -3*c + 3*p. Calculate the highest common factor of c and 4.
4
Let g = -41 + 71. Calculate the greatest common divisor of g and 75.
15
Let k be (-6)/(-39) - (-141)/13. Suppose 0 = 3*g + 4*f + f - k, 5*f = -10. What is the greatest common divisor of g and 1?
1
Suppose 0 = w - 4*w + 12. What is the highest common divisor of 20 and w?
4
Let y = 0 - -7. Let l(g) = g**2 - 4*g + 9. Let t be l(6). Calculate the greatest common divisor of t and y.
7
Let s be 1 - (3 - 2 - 2). Let g be 45/(-1)*s/(-6). What is the highest common divisor of 45 and g?
15
Suppose 3 = -4*x + 15. Suppose x*g + g = 20. Let p be (6/8)/(g/20). Calculate the greatest common factor of 9 and p.
3
Let a be 8/6 + 4/6. Let t be (1/2)/(a/24). Calculate the greatest common divisor of t and 6.
6
Let b(f) = f**3 - 5*f**2 - 2*f - 5. Let w be b(4). Let d = -1 + w. Let m = d + 51. Calculate the highest common divisor of m and 3.
3
Let i(p) = -p**3 - 14*p**2 - 12*p + 16. Let u be i(-13). Let b(c) = -c**3 - 2*c**2 + 4*c - 1. Let s be b(-4). What is the greatest common factor of u and s?
3
Let h(u) = u + 1. Let s be h(0). Suppose 0 = -r - s + 6. What is the highest common divisor of 45 and r?
5
Suppose 0*n + 3*n - 4*z - 58 = 0, 2*z = n - 22. Let y = -5 + -11. Let k be y/(-1) + (-2)/1. What is the highest common divisor of k and n?
14
Let c = -18 - -28. Let r = 11 - 6. Calculate the greatest common factor of r and c.
5
Let o(y) = -y**3 + 7*y**2 - y + 6. Let v be o(6). Suppose -s = 8 - v. Let c(l) = -l + 1. Let r be c(-6). What is the greatest common factor of s and r?
7
Let f = -21 - -44. What is the greatest common factor of f and 92?
23
Suppose 5 = -b + 8. Suppose -5*p - y + 71 = 0, -y + 14 = p + b. What is the greatest common factor of p and 60?
15
Let m be 7/(1*(-1)/(-2)). Calculate the greatest common factor of 98 and m.
14
Let f(y) = y**3 + y**2 - 4*y + 35. Let x be f(0). What is the highest common factor of x and 35?
35
Let h be (342/4 - 0)*2. What is the highest common factor of 19 and h?
19
Let m(r) = -r**3 - 9*r**2 - 8*r. Let q be m(-9). Calculate the highest common factor of q and 24.
24
Suppose 0 = 8*s - 4*s - 48. Suppose -2*h + 4 = k - 88, -5*h = 2*k - 232. Let j be h/1*(1 - -1). Calculate the highest common factor of j and s.
12
Let t = -72 + 88. Calculate the greatest common divisor of t and 80.
16
Let w be -5 - -35 - (-2 - -4)/1. Let q = 3 - -1. Calculate the greatest common divisor of q and w.
4
Suppose 2*j = 3*r + 20 + 32, j - 2*r = 24. Let t be (2 + 0)*2/4. Let w be (2 - 0)/t - -2. What is the greatest common divisor of w and j?
4
Suppose 2*c - 13 = -4*z - 41, 2*z - c + 10 = 0. Let f = z - -18. What is the highest common factor of 12 and f?
12
Let q(n) = -3*n + 16. Let v be q(5). What is the greatest common divisor of 9 and v?
1
Let x be (42/(-15))/((-12)/60). Calculate the highest common divisor of 14 and x.
14
Let c = 59 - 25. What is the highest common divisor of c and 51?
17
Let d be (3 + -4)/(1/(-125)). Let o = -21 + 46. Calculate the greatest common factor of d and o.
25
Let k(i) be the first derivative of -i**3/3 + 11*i**2/2 - 2*i - 2. Let f be k(10). Calculate the highest common factor of f and 40.
8
Let g(i) = -i + 5. Let r be g(-3). Calculate the greatest common divisor of 2 and r.
2
Let i(s) = 3*s - 1. Let q be i(1). Let l = -1 + 3. Suppose -5*b + l*x + q*x = -765, b - x = 153. What is the greatest common divisor of 17 and b?
17
Let j = -1 - -11. Let s = 147 + -37. Calculate the greatest common divisor of s and j.
10
Let m(l) = l**3 + 6*l**2 + 7. Let b be m(-7). Let q = b - -92. Suppose -2*f + 28 = 2*v, -f - 5*v = 2*f - 50. What is the greatest common divisor of q and f?
10
Let u = -92 - -187. Calculate the highest common factor of u and 19.
19
Suppose -3*g + 39 = 2*s, -5 = 4*s - 3*g - 38. Calculate the highest common divisor of s and 12.
12
Let n(f) = 2*f**2 + 10*f - 18. Let j be n(-12). What is the greatest common divisor of j and 60?
30
Let z(p) = 2*p**2 - 6*p + 7. Let c be z(5). Let u be -3 + (-2)/(-2) + 28 + -23. Calculate the highest common factor of u and c.
3
Let b = 43 + -29. Calculate the highest common factor of 42 and b.
14
Let l = -7 - -20. What is the greatest common factor of l and 39?
13
Let z(u) = -u**2 - 5*u - 4. Let h be z(-3). Let v = 28 - 22. What is the greatest common divisor of v and h?
2
Suppose -2*h - 22 = -112. What is the greatest common divisor of h and 15?
15
Let a(v) = v**2 + 6*v - 10. Let f be (4*-2)/(5 + -4). Let g be a(f). Calculate the highest common divisor of 9 and g.
3
Suppose -11 = -a - 4. Let r be (0/(-2))/1 + 2. Suppose -2*x = -p + 48, r*p - x = p + 45. What is the greatest common divisor of p and a?
7
Let n(u) be the third derivative of u**6/120 + u**5/15 - 2*u**3/3 + u**2. Let f = 3 - 6. Let q be n(f). Calculate the highest common divisor of q and 15.
5
Let m = -4 + 4. Let y(o) = m + 6*o - 2 + 10 + 3*o**2. Let i be y(-8). What is the greatest common factor of 19 and i?
19
Suppose 51 = 5*d - 3*l, 5*d + l = -0*d + 43. Let c(b) = 2*b + 6. Let z be c(d). What is the greatest common divisor of 36 and z?
12
Suppose 2*a = 13 + 13. Calculate the greatest common divisor of a and 143.
13
Suppose -53 - 73 = -7*f. Calculate the highest common divisor of f and 126.
18
Let m = 5 - -5. Calculate the greatest common factor of 50 and m.
10
Let k be -1 + 2*(-3)/(-1). Suppose 0*m - k*m = -40. Calculate the highest common factor of 20 and m.
4
Let p = -3 + 6. Suppose -f = 3*f - p*j - 497, 4*f - j = 507. Calculate the highest common factor of 16 and f.
16
Let p(k) = -k**3 + 5*k**2 + 4*k - 16. Let g be p(5). Calculate the highest common divisor of g and 4.
4
Suppose -5*k = -2*k. Suppose k = s + s - 308. What is the greatest common factor of s and 14?
14
Suppose 0*f = -f + 135. Let c = -1 + 0. Let g = 16 + c